ctor of 6680880?
True
Does 5517 divide 1349419581?
True
Is 53656130 a multiple of 110?
True
Does 2023 divide 66562553?
False
Is 41 a factor of 2697023747?
True
Is 137 a factor of 49504539?
True
Does 81 divide 1040700069?
True
Is 252620091 a multiple of 216?
False
Does 17 divide 1676553608?
False
Is 51264163 a multiple of 17?
True
Does 463 divide 1250613004?
True
Is 9 a factor of 2903211?
True
Is 862 a factor of 28859760?
True
Is 944874816 a multiple of 426?
True
Is 133410771 a multiple of 1049?
True
Does 20 divide 189368044?
False
Is 536 a factor of 19341666?
False
Is 2376 a factor of 818883423?
False
Is 3779 a factor of 191324748?
False
Is 230 a factor of 30737200?
True
Does 106 divide 3746096?
False
Does 420 divide 2701576126?
False
Is 645367452 a multiple of 9766?
False
Does 27 divide 2560680?
True
Is 2321259390 a multiple of 5094?
True
Is 7 a factor of 7167408?
False
Is 10 a factor of 48541108?
False
Does 314 divide 460112992?
True
Is 29117880 a multiple of 1026?
True
Is 91019544 a multiple of 12?
True
Is 823153196 a multiple of 50?
False
Does 117 divide 700444829?
False
Is 43 a factor of 192818913?
False
Does 41 divide 102740957?
True
Does 851 divide 91987020?
False
Is 409 a factor of 895998759?
False
Is 120 a factor of 118856730?
False
Is 677577865 a multiple of 60?
False
Is 16 a factor of 9944404?
False
Is 47102085 a multiple of 831?
False
Does 11 divide 276515699?
False
Is 21 a factor of 4884327?
True
Is 65 a factor of 806272?
False
Does 647 divide 53127842?
False
Is 1783 a factor of 36606773?
True
Is 195541283 a multiple of 299?
False
Does 920 divide 8911120?
True
Is 108 a factor of 168737646?
False
Is 16 a factor of 222351021?
False
Is 2207 a factor of 875074093?
False
Does 111 divide 202273405?
False
Is 12 a factor of 1487891376?
True
Is 941 a factor of 639673924?
False
Does 2546 divide 740893201?
False
Is 11603597 a multiple of 271?
False
Is 159468232 a multiple of 14?
True
Does 78 divide 1229724444?
True
Does 197 divide 8420139?
False
Is 95527203 a multiple of 3286?
False
Is 292 a factor of 277481136?
False
Does 227 divide 285746692?
True
Does 34 divide 1392627089?
False
Is 46973997 a multiple of 87?
True
Is 3058 a factor of 2367809588?
False
Is 4308 a factor of 531251570?
False
Does 1337 divide 113340001?
False
Is 628861 a multiple of 6?
False
Is 1289 a factor of 5354506?
True
Is 536 a factor of 3296431088?
True
Does 6 divide 2741292?
True
Is 932717433 a multiple of 9?
False
Is 59 a factor of 13353175?
True
Is 40298419 a multiple of 106?
False
Does 1057 divide 689101637?
True
Is 52115784 a multiple of 6?
True
Does 71 divide 192796950?
True
Does 12 divide 415910460?
True
Is 19 a factor of 71308919?
True
Is 435349 a multiple of 7?
False
Is 215253436 a multiple of 137?
False
Is 6855 a factor of 374927370?
True
Is 17 a factor of 3740036?
False
Is 12815044 a multiple of 209?
True
Is 5315341000 a multiple of 9995?
True
Does 216 divide 55196714?
False
Is 2353 a factor of 1016241539?
False
Is 16 a factor of 51146736?
True
Does 424 divide 13612944?
True
Does 16 divide 7806736?
True
Is 1808 a factor of 81692672?
True
Is 178 a factor of 32670926?
False
Is 16062108 a multiple of 3?
True
Does 3285 divide 82801710?
True
Does 5578 divide 560109292?
True
Does 56 divide 117383224?
True
Does 300 divide 1528179300?
True
Does 1536 divide 20769360?
False
Does 1094 divide 496269032?
True
Is 5750736 a multiple of 4?
True
Is 107 a factor of 3471291218?
True
Does 12 divide 309753108?
True
Is 18 a factor of 7498523?
False
Is 500441256 a multiple of 42?
True
Is 2708 a factor of 58398020?
True
Is 1541374 a multiple of 69?
False
Is 1015811020 a multiple of 7?
True
Is 93258465 a multiple of 663?
False
Is 401 a factor of 3843585?
True
Does 45 divide 25823949?
False
Is 98 a factor of 64916376?
True
Is 700132334 a multiple of 2492?
False
Is 69927468 a multiple of 41?
True
Is 1836 a factor of 18249600?
False
Does 34 divide 71253307?
False
Does 203 divide 56535559?
False
Does 703 divide 33986740?
False
Is 2221 a factor of 966930118?
True
Is 413 a factor of 32100923?
False
Does 2 divide 12220033?
False
Does 5 divide 17195873?
False
Is 2204351876 a multiple of 47?
False
Does 271 divide 152252585?
False
Does 12 divide 46906680?
True
Is 54235371 a multiple of 85?
False
Does 19 divide 143620699?
False
Is 1325053800 a multiple of 2042?
True
Is 100261568 a multiple of 121?
True
Is 478 a factor of 45081795?
False
Is 780712425 a multiple of 251?
False
Is 18 a factor of 1713512888?
False
Does 934 divide 4612903465?
False
Is 10 a factor of 467464299?
False
Is 34 a factor of 50237800?
False
Does 111 divide 61604334?
True
Does 38 divide 105836346?
True
Is 5906574470 a multiple of 1337?
False
Is 22064650 a multiple of 11?
False
Is 302 a factor of 1347648866?
False
Is 249780312 a multiple of 187?
False
Is 13 a factor of 97634606?
False
Is 4 a factor of 212377295?
False
Is 112 a factor of 4246474?
False
Is 457 a factor of 5866989?
False
Is 164 a factor of 78802000?
True
Is 10 a factor of 327956040?
True
Is 206 a factor of 6042840?
False
Does 65 divide 3556670?
True
Does 47 divide 95760177?
False
Does 197 divide 1639828?
True
Does 56 divide 533869952?
True
Does 1149 divide 41290464?
True
Is 80 a factor of 8008480?
True
Does 34 divide 39754366?
False
Is 29 a factor of 10955564?
False
Is 225585696 a multiple of 84?
True
Is 295942465 a multiple of 185?
True
Does 14 divide 1361118987?
False
Does 1015 divide 307813819?
False
Does 599 divide 11265691?
False
Does 8 divide 1890029?
False
Does 51 divide 1240677575?
False
Is 564165708 a multiple of 636?
True
Is 4 a factor of 204996377?
False
Is 2486903685 a multiple of 151?
False
Is 230 a factor of 33654290?
True
Is 3697699 a multiple of 8?
False
Is 188 a factor of 145553172?
True
Is 313916679 a multiple of 31?
False
Does 87 divide 92725682?
False
Is 4379 a factor of 1046033541?
False
Is 1373638677 a multiple of 10113?
True
Is 212 a factor of 2238084?
True
Is 495 a factor of 15072091?
False
Is 7005664912 a multiple of 17?
True
Is 2773 a factor of 438025853?
True
Is 1277 a factor of 1228361233?
False
Does 40 divide 358718720?
True
Does 3 divide 437429717?
False
Is 6630948 a multiple of 9?
True
Is 59605914 a multiple of 2598?
True
Does 1284 divide 1068469044?
True
Is 199 a factor of 579951?
False
Is 1100440296 a multiple of 27?
True
Does 366 divide 746008650?
True
Is 11 a factor of 451019536?
True
Is 662 a factor of 170139296?
True
Is 59728354 a multiple of 98?
True
Does 71 divide 542242123?
True
Is 426 a factor of 48543156?
False
Does 70 divide 246988?
False
Is 149842695 a multiple of 19?
False
Does 2891 divide 74038081?
False
Is 10 a factor of 170143621?
False
Is 23 a factor of 31050?
True
Is 6069 a factor of 1606037844?
False
Does 930 divide 15268655?
False
Does 94 divide 12778887?
False
Is 7120904 a multiple of 14?
True
Is 781585268 a multiple of 202?
True
Is 65 a factor of 137587203?
False
Is 801 a factor of 3494758995?
True
Does 272 divide 242901855?
False
Is 1519 a factor of 4755607319?
False
Is 88606763 a multiple of 67?
True
Is 12 a factor of 100797828?
True
Is 12 a factor of 287224488?
True
Does 206 divide 843104234?
True
Is 157952979 a multiple of 170?
False
Is 58 a factor of 1456407747?
False
Does 75 divide 58965885?
False
Is 1483 a factor of 583828506?
False
Is 4 a factor of 126962187?
False
Is 7992160 a multiple of 8?
True
Does 37 divide 2287303?
True
Is 66845044 a multiple of 17?
False
Is 695 a factor of 142757865?
True
Does 55 divide 13331692?
False
Does 275 divide 52043692?
False
Is 31 a factor of 248545338?
False
Is 110 a factor of 333808426?
False
Does 659 divide 766999556?
True
Is 212717558 a multiple of 15?
False
Is 1680 a factor of 50851718?
False
Is 28 a factor of 261246135?
False
Is 3983149 a multiple of 2278?
False
Does 134 divide 556301750?
False
Does 483 divide 26387803?
False
Is 2775440 a multiple of 40?
True
Does 26 divide 1865543042?
False
Does 1638 divide 775814130?
True
Does 51 divide 99391197?
True
Is 99422246 a multiple of 2052?
False
Is 45632252 a multiple of 10?
False
Is 259439244 a multiple of 2084?
True
Is 5422 a factor of 269701124?
True
Is 15104323 a multiple of 244?
False
Is 641317350 a multiple of 850?
True
Is 200347420 a multiple of 140?
True
Is 145 a factor of 240243830?
True
Is 14 a factor of 